 -1 - 1 - (-71 - -65)?
4
What is the value of (0 - 1) + 12 + -8 + -4?
-1
What is the value of -3 - (2 - -2) - -4?
-3
What is 8 + -1 - (-30 - -42)?
-5
Evaluate -6 + -4 + (-1 - -9).
-2
Evaluate 3 + 1 + -6 + 29 + -36.
-9
Evaluate -3 + (-2 - (-2 + 5) - -3).
-5
Evaluate 4 - (1 + -2 - -1) - 5.
-1
-1 + 1 + (-4 - (-2 + 1))
-3
10 - (108 - 104 - (-1 - 3))
2
What is the value of -8 - -2 - (-1 - 3)?
-2
What is the value of 3 - (0 - -2 - (3 - 4))?
0
Evaluate (-5 - -5) + -2 - -5.
3
Calculate (0 + 3 - -4) + -8 + 1.
0
What is 8 - 4 - (4 + -7)?
7
Evaluate -2 + (-5 - -5) + 7.
5
What is the value of 0 + (-19 + 4 - -8)?
-7
What is 13 + -24 - (-6 + 2)?
-7
Evaluate (-1 - 1 - -1) + 3 + 1.
3
Evaluate -7 + (1 - (-3 + 0 + 2)).
-5
Calculate 47 + -49 + 9 + 1.
8
What is (4 - 0) + (4 + -1 - 4)?
3
Calculate (-3 - -4 - -1) + 1.
3
What is the value of (3 - 2) + (4 - 0)?
5
6 + (-1 - 1) - (6 - 5)
3
-41 - -47 - (5 - (1 + 0))
2
What is the value of 0 + 6 + (-5 - -2)?
3
What is the value of -9 + -8 + 23 + -13?
-7
-8 + 3 - (-10 - -2)
3
Calculate 0 + (-3 - 1) + (20 - 26).
-10
What is 1 + -1 - (-1 - 0)?
1
What is (-5 - -1) + (-6 - 11 - -28)?
7
What is -3 - (0 + -2 - 2) - 0?
1
Evaluate 8 - (-20 - -8 - -27).
-7
-6 + 10 - (-1 - -4)
1
Evaluate (6 - 3) + -6 - (-2 - 2).
1
-14 + (13 - 7) + 9
1
2 + 0 + -10 + (6 - -5)
3
What is -5 + (9 - 7) - (-2 + -1)?
0
0 - 4 - (-2 + -6)
4
What is -5 + 5 - 4 - -1?
-3
Calculate 5 + -7 + 9 - 4.
3
What is 0 + (-3 + -2 - -3) + 6?
4
What is -2 + (5 + -1 - -3)?
5
What is the value of -4 - (3 - (8 + 4 + -3))?
2
Evaluate (-3 - -6 - -1) + -3.
1
What is the value of -15 + (6 + -4 - -4)?
-9
-1 + 11 - 7 - (0 - -3)
0
Evaluate 4 + (-2 - 19) + -20 + 26.
-11
2 - ((11 - 2) + 1) - -3
-5
What is -2 + (2 + -2 + -4 - -10)?
4
What is 1 - ((-4 - 1) + (79 - 80))?
7
Calculate 3 + 3 + -9 - (-2 - 0).
-1
(3 - -3 - 1) + -12
-7
Calculate -1 - 1 - (14 + -12).
-4
Evaluate (-5 - (-10 + 11)) + 5.
-1
-10 + 14 + -14 - -2
-8
Calculate -2 + 1 + -4 + 5 - 1.
-1
Calculate 2 - (-1 - (0 + -1 + 4)).
6
What is (-158 - -150) + (-1 - -2) + 16?
9
What is the value of -4 - (-3 - -1 - 2)?
0
Evaluate (-4 - -12) + 5 + -11.
2
What is the value of 6 - (0 - (3 + -4))?
5
What is 1 - (1 - (7 + -5))?
2
(3 - (6 + (2 - 2))) + -1
-4
Evaluate -1 - -5 - (140 + -137).
1
(1 - 6) + (0 - (-7 + 3))
-1
What is the value of 3 - ((2 - 2) + -2 - -4)?
1
Evaluate -6 - (0 + -1 + -2).
-3
Calculate 0 + -1 + -5 + 2.
-4
Calculate 6 + -7 - (-2 - -5).
-4
What is 6 - (4 + 0) - -2?
4
Calculate -3 - (-4 - -2) - 3.
-4
What is the value of 4 + -4 + 5 + -9?
-4
What is the value of 6 + (0 - -1) + -3?
4
Evaluate -3 + (0 - (2 + 1 + -7)).
1
Evaluate -2 - -4 - (0 - 3) - 0.
5
What is -12 + (-7 - -5 - -13)?
-1
What is the value of -2 - (0 - (6 - -1)) - 7?
-2
6 + 6 + -7 + -5
0
Calculate 3 - (4 - (-1 - 0)).
-2
Calculate 6 + 2 + (-13 - -4).
-1
What is the value of (-4 - (10 - 3)) + 7?
-4
Evaluate -1 + (2 - (-2 + 2) - 1).
0
Calculate -1 - 5 - -2 - -9.
5
(-1 - 7 - -3) + 2 + -2
-5
Evaluate (3 + -8 + 7 - -2) + -2.
2
4 + (-4 + 6 - 1 - -1)
6
(-5 - -5) + -14 + 8
-6
What is (7 - -2) + -60 + 48?
-3
What is -3 + (3 - 2 - 1)?
-3
Evaluate -6 - -1 - (2 + (-15 - -3)).
5
What is -3 - (5 + -6 + -1 + 2)?
-3
Evaluate (-8 - -3) + (15 - 11).
-1
What is the value of -8 - (-16 + (-2 - -1))?
9
What is the value of (1 - (-3 + 4)) + -3?
-3
Evaluate 0 - (-1 + (-2 - -3)).
0
Evaluate -12 - -22 - (11 + -1).
0
What is -4 + -3 + 11 - 2?
2
Evaluate -2 - 1 - ((-9 - -12) + -7).
1
What is 3 + 1 + 2 + 0 + -1?
5
What is the value of (-4 - (3 - 4)) + 5?
2
Evaluate (4 - 0) + -9 + 9.
4
Evaluate -4 - (11 + -14 - -3).
-4
What is the value of 7 + 6 + 1 + (-66 - -59)?
7
(-3 - -5) + -1 + -6
-5
-4 + (3 - -2) + 0
1
Evaluate 3 + -2 + -4 - (7 + -5).
-5
Calculate (-2 - -6) + (3 - 6).
1
Calculate 1 + (-3 - -2) - 1 - 5.
-6
Evaluate -5 + (-2 - (-13 + 1)).
5
(38 - 35) + (1 - (-2 + -1))
7
(-1 + 0 - -3) + (0 - 0)
2
What is the value of -2 - (0 - (-4 + 4))?
-2
What is 1 + 3 + -2 + -4?
-2
What is -2 + 4 + -11 + 11?
2
What is the value of 4 + (-5 - -1 - 2)?
-2
Calculate 4 - (5 + 2) - (1 + -4).
0
(3 - 5) + (-5 - -9)
2
What is the value of (-33 - -38) + (-1 - (2 - 9))?
11
Evaluate -4 - (16 - 19 - (2 - -1)).
2
3 + 1 + -2 + 3
5
Evaluate -1 - -14 - (12 + -9).
10
What is the value of 5 + (-11 + 7 - -3)?
4
Evaluate -6 + (-2 - -5) - (1 + 1).
-5
Calculate (-4 - 1) + 1 + (10 - 6).
0
7 + -6 - (-7 - -2 - -9)
-3
(-2 + 3 - 7) + -24 + 26
-4
Evaluate 9 + 0 + -6 - (4 + 1).
-2
Evaluate -2 + (-2 - -5 - (-1 - -4)).
-2
What is -7 + -1 + (-16 - -15)?
-9
What is the value of 0 + 5 + (-8 - -4)?
1
Calculate (9 - (-1 + 7)) + (-7 - -2).
-2
What is the value of 10 + (0 - (6 + 13))?
-9
Evaluate (-8 - (1 - 2 - 6)) + 7.
6
4 + -3 + -1 - (1 - -1)
-2
What is the value of (10 - (9 + -21)) + -12?
10
What is the value of 20 + -11 + (-2 - (1 + 1))?
5
What is -3 + (1 - -2) + 13 + -14?
-1
What is 1 + (0 + -2 - (-19 + 15))?
3
Evaluate (4 - (-2 - -1)) + -5.
0
Calculate (-4 - -4) + -3 + 2 + 2.
1
What is -1 + -4 + 3 + 5 - 3?
0
Calculate (-3 + 1 - -9) + -2.
5
17 + -3 + -15 - (1 + 4)
-6
Evaluate -21 + 30 + -8 + -12.
-11
Calculate -2 - (5 + (9 - 22)).
6
What is the value of 4 - (2 + -7) - 2?
7
What is the value of -13 + 26 - 22 - (1 + -1)?
-9
-1 + (-4 + 4 - 2) + 8
5
-2 - (1 - (0 + -1))
-4
(5 - 3) + -4 + -1 - -4
1
Evaluate 5 + 2 + (-7 - (-6 + 0)).
6
What is 6 + -6 + (4 - 1)?
3
What is 1 - -2 - (-6 + 6)?
3
Evaluate (6 - 2) + -9 - 1.
-6
Calculate -3 + (3 - (11 + -4 + -3)).
-4
Evaluate -8 + 0 + 1 + -10 + 13.
-4
Evaluate -74 - -79 - ((2 - -1) + 2).
0
Calculate -3 + (2 - (14 + -6 - 2)).
-7
What is the value of -4 + 4 + -5 - 3?
-8
Calculate 0 + (5 - (-3 - -10)) - 1.
-3
Calculate 4 - (2 + (-3 - 0)).
5
Calculate 5 + -5 + (-1 - -1).
0
What is (-5 - -5) + 2 + -2?
0
4 + (-10 + 13 - 10)
-3
What is -53 + 48 + (2 - 2) + 16?
11
What is 3 + -3 + 1 - (3 + 1)?
-3
Evaluate 26 + -26 + (1 - 1) + 3.
3
Calculate 12 - (6 + 0) - 1.
5
What is the value of -1 + -9 + 6 - 2 - -4?
-2
Evaluate 1 - (4 - (1 - -1)) - 0.
-1
0 - -3 - (-6 - -14)
-5
What is the value of 1 - 0 - (2 - (-2 - -3))?
0
What is -72 + 75 - (0 + -2)?
5
What is (4 - (4 + -3 - 0)) + -8?
-5
Calculate 2 + -3 + (0 - -3 - 5).
-3
Evaluate 15 + -10 + -3 - 13.
-11
Evaluate (0 - (6 + -3 + -4)) + 1.
2
Calculate 0 - -4 - (-3 + -4 + 6).
5
What is 5 - ((3 + -3 - 0) + 2)?
3
Calculate -5 + -1 - (-1 - 10).
5
Calculate 4 - 4 - ((3 - 0) + 0).
-3
What is the value of -1 - (-5 + 6) - (1 - -3)?
-6
11 + 1 - ((11 - 13) + 6)
8
What is 59 + -71 - (-1 - 2 - 1)?
-8
What is (2 + -4 - (-4 + 0)) + 3?
5
What is the value of (-3 - (-8 - (-2 - -1))) + -5?
-1
What is 2 - 1 - (7 - (-12 - -16))?
-2
5 + (-4 - 0) + -1 + -5
-5
Calculate -2 + -4 + (-5 - -14).
3
0 - -2 - 0 - (5 - -1)
-4
(4 + -4 - 4 - -2) + 3
1
(2 - (-2 - -10)) + 12 + 0
6
(3 + 0 - 0) + -10 + 16
9
1 + (8 - 11 - 4)
-6
What is the value of -5 + -1 + (-16 - -17) + -1?
-6
Evaluate -4 + 1 + -4 - -2.
-5
Calculate -3 + -2 + 3 - (-8 - -6).
0
Calculate -1 - (7 + -1) - -1.
-6
Calculate 4 + (3 - (10 - 3)).
0
What is the value of 4 + 0 + -2 + -2?
0
What is -8 + 3 + 0 - -2?
-3
Evaluate -1 + -2 + 10 + -4.
3
What is the value of -53 - -54 - (1 - -1) - -4?
3
Evaluate (8 + -4 - 0 - 5) + -3.
-4
What is the value of -4 + 2 + 7 + -9?
-4
Evaluate -10 + 0 + 3 + (13 - 0).
6
What is the value of 7 + (3 - -1) + -10?
1
What is 0 - (3 + (3 - 1) + -5)?
0
What is 3 + 1 + (16 - 4) + -15?
1
Calculate 6 - (-3 + 4 + -2 + 2).
5
What is the value of (-4 - 0) + 2 + -3 + 1?
-4
Calculate -49 + 39 - (-10 + -1).
1
What is 3 + 2 + (7 - 7)?
5
What is the value of -1 + (-3 - 0) + 1 + 5?
2
What is -1 + (11 - 3) + -6?
1
-1 - -5 - (1 + 0 - 0)
3
What is the value of 4 + (-6 - 0) + 7?
5
What is (-1 + -2 - 0) + 9 + -2?
4
-19 - (-15 + -14 + 16)
-6
Evaluate (-3 - (1 - 7)) + (86 - 93).
-4
Evaluate -8 + (10 - 3) + (-1 - -1).
-1
Calculate 6 - 8 - (1 - 5).
2
Evaluate (1 - 3 - -5) + 2 - 3.
2
Calculate 10 + -2 + -3 + -15 - -3.
-7
What is 6 - 4 - 7 - -6?
1
What is the value of 0 + (2 - 4 - -3)?
1
Calculate -6 + (-4 - -10) - (-1 - -3).
-2
Evaluate -1 + 2 + (1 - 1).
1
Evaluate 0 - 4 - (14 + (-19 - 1)).
2
What is 19 + -27 + (18 - (5 + -3))?
8
What is the value of (-6 - 0) + 26 + -25?
-5
What is (5 - 0) + -7 + -2?
-4
What is 2 - (0 - ((2 - -2) + -3))?
3
Evaluate 5 + -7 + 3 - 1 - 5.
-5
What is (-3 - -4) + (-2 - 3 - -3)?
-1
Evaluate 6 + -23 + 8 - -12.
3
